actor of o and 15?
3
Let g(u) = -u**3 + 4*u**2 + 2. Let q be g(2). Calculate the highest common divisor of 50 and q.
10
Suppose -3*k + 4*l = -16, 2*k = -0*k + 4*l + 4. Suppose 2*f + 3*g + g = 18, 2*f - k = -2*g. Calculate the greatest common divisor of 24 and f.
3
Let k = -14 + 12. Let p = k - -7. Suppose 5*j = 54 + 46. What is the greatest common factor of p and j?
5
Suppose 0 = -0*n + n - 17. Suppose 70*i = 66*i + 748. What is the highest common divisor of n and i?
17
Let g = -81 - -179. Suppose -n - 29 = -3*x, -4*n + 4 - 3 = x. Let t = 23 - x. Calculate the highest common divisor of t and g.
14
Let d be (-150)/20*2/3. Let u be 2/d - 1204/(-35). Calculate the highest common divisor of u and 51.
17
Suppose -2*a = -a - 4. Suppose i + 39 = a*i. Suppose 0 = -4*g + i - 1. Calculate the highest common divisor of g and 33.
3
Suppose f = g + 50, 4*f - 5*g = -3*g + 196. Calculate the greatest common factor of f and 12.
12
Let o be (2 - 36/15)*-70. What is the highest common factor of 42 and o?
14
Suppose -f = 1 - 4. Calculate the highest common divisor of f and 21.
3
Let t(y) = -8*y - 7. Let o be t(-5). Calculate the highest common factor of o and 22.
11
Let s = 5 - 14. Let m = -5 - s. What is the greatest common divisor of 20 and m?
4
Let m(w) = 18*w**2. Let i = 0 - -1. Let j be m(i). Suppose -r - 8 = -5*v - 32, 2*r + 5*v - 3 = 0. What is the highest common factor of r and j?
9
Let a(p) = -p**2 + 12*p - 6. Let i be a(6). Calculate the greatest common factor of 10 and i.
10
Suppose -4*k + 80 = -20. Let c = k + 8. What is the greatest common divisor of c and 3?
3
Let a(q) = -q**3 + 11*q**2 - 9*q - 9. Let w be a(9). What is the greatest common divisor of 9 and w?
9
Suppose -5*w = -3*i + 8*i - 1695, -i - 5*w + 335 = 0. Calculate the highest common divisor of 20 and i.
20
Let z = -3 + 22. Calculate the highest common divisor of z and 76.
19
Let p(t) = 5*t**2 + 3*t + 2. Let r be p(3). Calculate the highest common factor of r and 7.
7
Let k = 71 + -15. Suppose -99 = -5*n - 29. What is the greatest common divisor of n and k?
14
Let n(s) = -s + 6. Let x be n(6). Let p(c) = c**2 + c + 3. Let m be p(x). Calculate the highest common divisor of m and 2.
1
Let c be 38 - -1*(-3 + -1) - -1. Suppose -5*g + 41 + 4 = 5*b, -5*b + 10 = 0. Calculate the highest common factor of c and g.
7
Suppose -2*d - 4 = -2*k, -k - d - 3 = -3*d. Calculate the highest common divisor of 7 and k.
7
Suppose 0 = 13*t - 4*t - 450. Calculate the greatest common factor of 50 and t.
50
Suppose -x - 4*w + 1 = 0, -3*x - x = -3*w - 23. What is the greatest common factor of x and 15?
5
Suppose 9*c = 4*c + 100. Let q = -65 - -131. Suppose -3*d = -3*j + 102, 4*j - q = 2*d + 62. What is the highest common factor of c and j?
10
Let n(r) = 10*r**2 + 2*r + 1. Let b be ((-2)/6)/((-3)/(-9)). Let d be n(b). Calculate the highest common factor of 6 and d.
3
Let y = -20 - -28. Calculate the greatest common divisor of y and 40.
8
Let w(f) = -7*f - 7*f**2 + f**2 - 3 + 16 + f**3 - 3. Let r be w(7). Suppose -35 = -r*h + 5*h. Calculate the highest common factor of 49 and h.
7
Let v(c) = 5 - 5 - 15*c. Let i be v(2). Let l be ((-8)/(-5))/((-6)/i). What is the highest common divisor of l and 12?
4
Let a(y) = -2*y - 2. Let l be a(5). Let j be 150/12*l/(-10). Calculate the highest common factor of 75 and j.
15
Let b(w) = 3*w - 4. Let r be b(11). Suppose -3*k - r = 7*t - 3*t, -1 = -k. Let s(n) = -6*n - 3. Let y be s(t). What is the highest common factor of 15 and y?
15
Let x = 9 + 39. Suppose -x = -5*w + 12. Let s(i) = i + 48. Let j be s(0). Calculate the highest common divisor of j and w.
12
Let o = 8 + -4. Let r = -1 + o. Let t(k) = 3*k**2 + 6. Let g be t(3). Calculate the greatest common factor of r and g.
3
Suppose -4*v - 2 = -2*o, 5*v - v = -3*o - 7. Let r be 44/3 - o/3. Let p = 19 - 9. Calculate the greatest common factor of p and r.
5
Let z = -27 + 67. Calculate the highest common divisor of 8 and z.
8
Suppose 15 = -3*f, f + 4*f = 2*d - 65. Suppose -3*r = r + 8. Let g = 7 + r. What is the highest common factor of d and g?
5
Let o = -30 - 9. Let t be (-6870)/o + 8/(-52). What is the highest common factor of t and 16?
16
Let b = 62 + -55. Calculate the greatest common divisor of 63 and b.
7
Suppose -5*c + 90 = -75. Let k(a) = a**2 + a. Let r be k(1). Suppose r*w + 1 - 7 = 0. What is the greatest common divisor of w and c?
3
Suppose -h + 3*q + 14 = 8*q, -4*q - 56 = -4*h. Let c = h + -11. Calculate the highest common factor of c and 3.
3
Let x(h) = -h**2 - 6*h + 1. Let c be x(-5). What is the greatest common factor of c and 42?
6
Let o be 2 + -4*6/(-8). Let d(h) = h**2 - 5*h + 1. Let u be d(o). Calculate the highest common factor of u and 1.
1
Suppose -2*z + 3*z - 3*f = 45, 20 = -5*f. What is the greatest common factor of z and 363?
33
Suppose -19 - 26 = -3*j. Let w be 103 - (-14)/35*5. Calculate the greatest common divisor of j and w.
15
Let i be (-47)/((-21)/(-6) + -4). What is the greatest common divisor of i and 235?
47
Let p be ((-8)/3)/((-1)/3). Suppose p*j - 192 = 4*j. Calculate the highest common divisor of j and 6.
6
Let h be 12/42 - 332/(-14). Calculate the greatest common divisor of 60 and h.
12
Let l be 50*(1 + 15/6). Suppose -5 = -5*d + l. Let f be -1*(-5)/((-5)/(-12)). Calculate the greatest common factor of f and d.
12
Suppose -6*r + 5 = -r. Suppose -5*p + 49 = -r. What is the greatest common divisor of 2 and p?
2
Let w(z) = -10*z**3 - 4*z**2 + 3. Let d be w(-3). Suppose -3*j + 5*r = -0*j - d, 3*j + 5*r = 267. What is the highest common factor of 12 and j?
12
Let u be -2 - (-62)/8 - (-1)/4. What is the greatest common divisor of u and 12?
6
Suppose y + 0*v + 5*v = 23, 5*y - 4*v = 260. Suppose -2*k + 6*k - y = 0. Calculate the highest common factor of k and 60.
12
Let x(n) = -n**2 + 9*n + 14. Let q be x(10). Calculate the highest common factor of q and 10.
2
Let h be 2 + -5 - (-2 + (-6 - 1)). Calculate the greatest common factor of h and 15.
3
Let k = 5 + -7. Let i be (-172)/(-12) - k/(-6). Let o(m) = 7*m. Let r be o(5). Calculate the greatest common divisor of i and r.
7
Let p be -1 + 1 + 0 + 0. Suppose j - 99 + 29 = p. Calculate the highest common divisor of j and 14.
14
Let o = -18 + 24. Suppose 0 = p + 2, 2*t + o = 5*t + 3*p. Calculate the greatest common factor of t and 40.
4
Let d = -74 - -95. What is the highest common divisor of d and 147?
21
Let j = -22 + 51. What is the highest common factor of 203 and j?
29
Let p(x) = -x**3 - 3*x - 4. Let i be p(-2). What is the highest common divisor of 40 and i?
10
Let d(h) = -3*h - 15. Let k be d(-13). What is the greatest common factor of 8 and k?
8
Let q(g) = g - 5. Let r be q(6). Let m be -2 + 2 + 8*r. Suppose 0 = 4*u - m, i - u = -i + 94. Calculate the greatest common divisor of 16 and i.
16
Suppose 5*h = -58 + 148. Let z be (-2)/(-2)*1 - -1. Suppose 5*j = h + z. Calculate the highest common divisor of j and 36.
4
Let n(y) = 14*y - 3. Let g be n(3). Suppose 2*l + 286 = 13*l. What is the greatest common factor of l and g?
13
Suppose -2 = -5*p + 58. What is the highest common factor of p and 132?
12
Let d(a) = a**2 + 2*a - 8. Let o be d(-10). Suppose k + 2*k + 17 = 4*z, 0 = 4*z - 4*k - 12. What is the highest common divisor of o and z?
8
Let u(l) = l**3 - 2*l - 2. Let y be u(3). Suppose -4*o = 2*a - 42, -29 - y = -3*a - 3*o. Let g = a + -7. Calculate the highest common divisor of g and 4.
4
Suppose 25 = 6*p - p. Suppose -5*a = -w + p*w + 4, 2*a + 16 = 2*w. Suppose 3*l = i + 11, 0*l + 41 = w*i + 5*l. What is the greatest common factor of 8 and i?
4
Let j = -10 - -20. Let p be (-6)/9*-3 + 23. Calculate the highest common factor of p and j.
5
Let x(r) be the third derivative of -2*r**2 + 0 + 0*r - 1/2*r**3 - 3/8*r**4. Let b be x(-2). Calculate the greatest common divisor of 30 and b.
15
Let s = 40 - 27. Calculate the highest common factor of 117 and s.
13
Suppose -3*k = -69 - 153. Suppose k = -r + 194. What is the highest common divisor of r and 30?
30
Let a(w) = 2*w - 6. Let c be (-10)/3*(-15)/10. Let d be a(c). Let m be 70/4*d/2. What is the greatest common factor of 14 and m?
7
Suppose 2*a - 83 = -47. What is the greatest common factor of a and 72?
18
Let k = 9 + 6. Calculate the greatest common factor of k and 45.
15
Let r = 8 + -5. Let g = 123 - 